f 2804464?
2, 13, 97, 139
List the prime factors of 13054752.
2, 3, 45329
List the prime factors of 3720730.
2, 5, 13, 28621
List the prime factors of 1210589.
263, 4603
List the prime factors of 459733.
41, 11213
What are the prime factors of 647992?
2, 107, 757
What are the prime factors of 152914?
2, 101, 757
What are the prime factors of 6834360?
2, 3, 5, 13, 337
List the prime factors of 251534.
2, 31, 4057
List the prime factors of 4020400.
2, 5, 19, 23
What are the prime factors of 2570204?
2, 7, 13, 23, 307
List the prime factors of 15971713.
59, 167, 1621
List the prime factors of 30519465.
3, 5, 43, 47317
What are the prime factors of 14688084?
2, 3, 467, 2621
What are the prime factors of 953077?
953077
What are the prime factors of 267310?
2, 5, 26731
What are the prime factors of 2877780?
2, 3, 5, 47963
What are the prime factors of 28876794?
2, 3, 4812799
List the prime factors of 75268.
2, 31, 607
List the prime factors of 1486070.
2, 5, 173, 859
What are the prime factors of 434864?
2, 27179
List the prime factors of 1971107.
1971107
What are the prime factors of 115354?
2, 137, 421
What are the prime factors of 25793689?
2063, 12503
What are the prime factors of 23404624?
2, 29, 50441
What are the prime factors of 1262125?
5, 23, 439
List the prime factors of 1295770.
2, 5, 7, 107, 173
What are the prime factors of 252623?
7, 151, 239
What are the prime factors of 8983759?
8983759
List the prime factors of 7696996.
2, 23, 83663
List the prime factors of 78124.
2, 19531
What are the prime factors of 7904751?
3, 853, 3089
What are the prime factors of 357559?
357559
List the prime factors of 4213949.
4213949
List the prime factors of 3800655.
3, 5, 47, 599
What are the prime factors of 1457466?
2, 3, 242911
What are the prime factors of 685530?
2, 3, 5, 2539
List the prime factors of 996707.
281, 3547
What are the prime factors of 972890?
2, 5, 271, 359
What are the prime factors of 64071?
3, 7, 113
What are the prime factors of 1028384?
2, 7, 4591
What are the prime factors of 1584945?
3, 5, 35221
What are the prime factors of 463794?
2, 3, 17, 4547
What are the prime factors of 10434005?
5, 17, 122753
List the prime factors of 1280483.
313, 4091
What are the prime factors of 1463608?
2, 19, 9629
What are the prime factors of 195237?
3, 7, 1033
What are the prime factors of 12715339?
7, 13, 139729
What are the prime factors of 3043767?
3, 47, 21587
What are the prime factors of 120809?
13, 9293
List the prime factors of 14247577.
43, 331339
List the prime factors of 16039764.
2, 3, 13, 34273
List the prime factors of 11897179.
7, 1699597
List the prime factors of 11932611.
3, 37, 193, 557
List the prime factors of 233657.
23, 10159
What are the prime factors of 1112045?
5, 11, 20219
List the prime factors of 1156305.
3, 5, 157, 491
What are the prime factors of 185421?
3, 19, 3253
What are the prime factors of 232972?
2, 58243
List the prime factors of 6879782.
2, 7, 13, 103, 367
List the prime factors of 1514608.
2, 181, 523
List the prime factors of 989581.
989581
What are the prime factors of 227932?
2, 56983
What are the prime factors of 266615?
5, 53323
What are the prime factors of 26850?
2, 3, 5, 179
What are the prime factors of 62150?
2, 5, 11, 113
What are the prime factors of 442180?
2, 5, 22109
List the prime factors of 355000.
2, 5, 71
List the prime factors of 5169406.
2, 11, 19, 83, 149
List the prime factors of 7743895.
5, 1548779
What are the prime factors of 384770?
2, 5, 109, 353
List the prime factors of 2218302.
2, 3, 123239
List the prime factors of 18417.
3, 7, 877
What are the prime factors of 5643108?
2, 3, 17417
List the prime factors of 510788.
2, 277, 461
List the prime factors of 1781664.
2, 3, 67, 277
List the prime factors of 718313.
23, 31231
List the prime factors of 9495999.
3, 811, 1301
What are the prime factors of 572537?
7, 89, 919
What are the prime factors of 312410?
2, 5, 7, 4463
What are the prime factors of 10385887?
97, 107071
List the prime factors of 2084360.
2, 5, 107, 487
What are the prime factors of 2739691?
23, 5179
List the prime factors of 3153067.
773, 4079
What are the prime factors of 173185?
5, 19, 1823
List the prime factors of 46743.
3, 15581
List the prime factors of 8543073.
3, 7, 11, 31, 1193
What are the prime factors of 6759964?
2, 1297, 1303
What are the prime factors of 243019?
7, 149, 233
What are the prime factors of 4988495?
5, 997699
List the prime factors of 1784029.
13, 37, 3709
List the prime factors of 2845652.
2, 23, 30931
What are the prime factors of 2533?
17, 149
List the prime factors of 100145.
5, 20029
What are the prime factors of 2552184?
2, 3, 35447
What are the prime factors of 54059?
54059
List the prime factors of 233322.
2, 3, 37, 1051
What are the prime factors of 12072101?
37, 83, 3931
What are the prime factors of 36043970?
2, 5, 1693, 2129
List the prime factors of 19645052.
2, 7, 701609
List the prime factors of 4881911.
23, 31, 41, 167
List the prime factors of 229696.
2, 37, 97
List the prime factors of 2926303.
29, 100907
What are the prime factors of 16750546?
2, 8375273
What are the prime factors of 1143254?
2, 7, 127, 643
What are the prime factors of 2883240?
2, 3, 5, 8009
What are the prime factors of 15776179?
31, 508909
What are the prime factors of 815869?
815869
What are the prime factors of 33424?
2, 2089
List the prime factors of 4275759.
3, 1425253
List the prime factors of 16162624.
2, 252541
List the prime factors of 469001.
13, 43, 839
List the prime factors of 5528681.
5528681
List the prime factors of 5391727.
11, 43, 11399
What are the prime factors of 26595?
3, 5, 197
What are the prime factors of 41893?
41893
List the prime factors of 5304318.
2, 3, 101, 8753
List the prime factors of 107581.
107581
List the prime factors of 681886.
2, 367, 929
List the prime factors of 392324.
2, 98081
What are the prime factors of 571971?
3, 190657
List the prime factors of 5157813.
3, 1719271
List the prime factors of 6009959.
17, 353527
List the prime factors of 6025742.
2, 3012871
What are the prime factors of 3009371?
3009371
What are the prime factors of 2750023?
701, 3923
List the prime factors of 17897712.
2, 3, 7, 53267
What are the prime factors of 21000713?
73, 287681
What are the prime factors of 180667?
180667
What are the prime factors of 4960388?
2, 1240097
List the prime factors of 8686222.
2, 89, 48799
What are the prime factors of 29846247?
3, 9948749
What are the prime factors of 113364?
2, 3, 47, 67
List the prime factors of 2407900.
2, 5, 11, 199
What are the prime factors of 10146?
2, 3, 19, 89
List the prime factors of 164476.
2, 13, 3163
What are the prime factors of 19733475?
3, 5, 107, 2459
What are the prime factors of 1478522?
2, 467, 1583
What are the prime factors of 13410181?
19, 47, 15017
List the prime factors of 1932820.
2, 5, 241, 401
What are the prime factors of 1199051?
7, 171293
List the prime factors of 17061366.
2, 3, 7, 37, 10979
What are the prime factors of 57631?
7, 8233
What are the prime factors of 5452184?
2, 681523
What are the prime factors of 7106294?
2, 13, 37, 83, 89
List the prime factors of 1075158.
2, 3, 7, 23, 53
List the prime factors of 49291.
11, 4481
List the prime factors of 259826.
2, 7, 67, 277
List the prime factors of 9860190.
2, 3, 5, 103, 3191
List the prime factors of 69348.
2, 3, 5779
What are the prime factors of 516580?
2, 5, 23, 1123
What are the prime factors of 1469807?
29, 50683
What are the prime factors of 967432?
2, 120929
List the prime factors of 1254765.
3, 5, 23, 3637
What are the prime factors of 7856206?
2, 31, 126713
List the prime factors of 1442915.
5, 288583
List the prime factors of 607859.
7, 86837
What are the prime factors of 674571?
3, 71, 3167
List the prime factors of 6774704.
2, 17, 24907
What are the prime factors of 261948?
2, 3, 83, 263
List the prime factors of 5322525.
3, 5, 13, 53, 103
What are the prime factors of 272611?
131, 2081
List the prime factors of 2497028.
2, 17, 36721
What are the prime factors of 918958?
2, 459479
What are the prime factors of 4079214?
2, 3, 75541
List the prime factors of 5790311.
127, 359
List the prime factors of 2714865.
3, 5, 241, 751
List the prime factors of 22926289.
887, 25847
What are